culate the remainder when q is divided by 46.
36
What is the remainder when 96 is divided by 6/(1/(11/2))?
30
Let o = 1980 + -1961. Calculate the remainder when 84 is divided by o.
8
Let j(i) = 2*i**2 - 19*i + 54. What is the remainder when j(11) is divided by 47?
40
Let u(y) = y**2 + 11*y + 17. Let g be u(-11). Let b = g - -24. What is the remainder when b is divided by 11?
8
Suppose -3*d + 51 = -39. Let x = 30 - 20. What is the remainder when 16 is divided by x/4*108/d?
7
Suppose 0 = 3*a + f - 50, -40 = -0*a - 2*a - 4*f. Suppose 6*z - a = 62. Calculate the remainder when 48 is divided by z.
9
Let v(y) = y**2 + 7*y + 9. Let i be v(-6). Suppose -21 = -3*z - i. Let n = -759 + 780. Calculate the remainder when n is divided by z.
3
Let l(h) = h**3 + h**2 + 6. Let b(c) = -3*c**2 - 3*c. Let j be b(-1). Calculate the remainder when 63 is divided by l(j).
3
Suppose -3*v + 55 = 5*o - 12, -v = -4*o + 57. What is the remainder when 66 is divided by o?
10
Let i be 1/(-4 + 50/12). Suppose -i = 4*o - 106. What is the remainder when o is divided by 9?
7
Suppose -2*q = 3*t - 149, 11*q - 10*q - 48 = -t. What is the remainder when t is divided by 2?
1
Let g = 2166 - 2090. What is the remainder when g is divided by 31?
14
Let x be -21*(-2 - 2/(-7)). What is the remainder when (62/(-4))/((-6)/x) is divided by 19?
17
Let q(w) be the third derivative of w**6/120 - w**5/20 - 5*w**4/24 - 5*w**3/6 + 4*w**2. Calculate the remainder when 58 is divided by q(5).
18
Suppose -5*k = x + 14 - 5, -3*x = -4*k - 11. Let q = 197 + -182. Calculate the remainder when q is divided by x*6 + 3 + -4.
0
Suppose -4*j = -12*j. Suppose j = f - 4*f + 51. What is the remainder when 152 is divided by f?
16
Suppose 0 = -4*l + 89 + 7. What is the remainder when 382 is divided by l?
22
Let v(a) = a**3 - 6*a**2 - 15*a - 2. Suppose -2*q + 7*q + 60 = 5*z, -z - 3*q - 8 = 0. What is the remainder when z/((-21)/(-6)) - -25 is divided by v(8)?
3
Suppose 215 = s + 195. Calculate the remainder when 698 is divided by s.
18
Suppose 4*x + 1 - 13 = 0. Suppose 5*l + 4*k = l + 56, 4*l - 21 = x*k. What is the remainder when l is divided by (-4)/(-10) + 84/15?
3
Suppose 37*w - 215 = 32*w. What is the remainder when 128 is divided by w?
42
Calculate the remainder when -2*(-8 + 1719/(-18)) is divided by 55.
42
What is the remainder when 44 is divided by (-26)/(-91) + 54/7?
4
Let n be (-1)/((-228)/(-75) - 3). Let w = -13 - -96. What is the remainder when w is divided by 1/(-5) + ((-680)/n - -1)?
27
Let y(z) = -3*z - z**3 - z**2 + 10*z**2 - 7*z**2 + 6. Let d be y(4). Let v = 79 + d. Calculate the remainder when v is divided by 22.
19
Calculate the remainder when 347 is divided by ((-42)/24)/(4/(-96)*3).
11
What is the remainder when 254 is divided by 8 + (-560)/(35/(-5))?
78
Suppose 4*b + 2*p - 34 = 0, -13*b + p = -16*b + 25. What is the remainder when 59 is divided by b?
3
Suppose 80 + 72 = 8*w. What is the remainder when 111 is divided by w?
16
Let s(g) = -95*g**3 + g**2 + g + 1. Let y be s(-1). Suppose 2*a = -0*a + y. Calculate the remainder when a is divided by 13.
9
Suppose 39*k - 46 = 1085. What is the remainder when 195 is divided by k?
21
Let p = 4 - -47. Suppose 40 = p*r - 47*r. Suppose x = 5*b + r + 11, 3*x - 2*b - 37 = 0. What is the remainder when 31 is divided by x?
9
Suppose -6*u + u + 85 = 0. Let o be 0/((-3)/(-9)*3 + 0). Let v = o + u. What is the remainder when v is divided by 5?
2
Suppose -v = 4*u - 295, -4*u - 78 + 358 = -4*v. Suppose 5*a - 3*d - u - 30 = 0, 18 = a + 2*d. Let r = 68 + -30. What is the remainder when r is divided by a?
18
Let j = -5 - -21. Suppose 45 = 2*g - g. Suppose 2*z + g = 3*z. Calculate the remainder when z is divided by j.
13
Let w = 253 + -239. What is the remainder when 58 is divided by w?
2
Let h = 299 + -71. Calculate the remainder when h is divided by 7.
4
Suppose 0 = 3*f - 34 - 38. Let v = 13 - 8. Suppose 0 = -2*c + 4*j + 74, 0*j - 20 = -v*j. Calculate the remainder when c is divided by f.
21
Let g(r) = 5*r - 15. Let i(n) = -3*n + 7. Let o(b) = 6*g(b) + 11*i(b). Calculate the remainder when o(-16) is divided by 16.
3
Suppose -55 = -10*l + 395. What is the remainder when 269 is divided by l?
44
Let o be 0/(-5 - (-9)/3). Suppose o = -5*j + 101 + 9. Calculate the remainder when 11 is divided by 16/(-24) - j/(-6).
2
Let f(h) = h**3 - 4*h**2 - h + 4. Let y be f(4). What is the remainder when 1/(-1)*-53 + y is divided by 8?
5
Suppose -35 - 9 = -4*x. Suppose 0 = -g - 2*g + 630. What is the remainder when (g/(-50))/(2/(-10)) is divided by x?
10
Suppose -5*p - 60 = -k + 5*k, 5*k = 0. What is the remainder when 4/(p/(-9)) - -15 is divided by 3/12 - (-27)/4?
4
Suppose -6 = -4*b - 2. Calculate the remainder when 54 is divided by 4*(-31)/(-6) + b/3.
12
Suppose 86 - 188 = -2*u. What is the remainder when u is divided by 27?
24
Let l(d) = d**2 - 9*d - 2. Suppose 3*k + 5*r - 37 = 0, -2*k - 2*r = 2*r - 26. Let w be l(k). What is the remainder when w/8 + 565/20 is divided by 10?
8
Suppose -29*z + 5040 = -14*z. What is the remainder when z is divided by 38?
32
Let g(x) = -23*x - 591. Suppose i + 84 = 5*q + 2*i, -q + 5*i - 4 = 0. Calculate the remainder when q is divided by g(-26).
2
Suppose -l + 3*l = -5*o + 12, 0 = 3*l + 3*o. Calculate the remainder when 9 is divided by (14/8)/((-1)/l).
2
Let s be 55/(-2)*4 - (3 + 0). Let l = s - -220. Calculate the remainder when l is divided by 54.
53
Let m be 10/6 + (-76)/(-12) + -6. Suppose -57 = -m*b + 5*a, -10 = 5*a + 15. Let f(r) = r**3 - 5*r**2 - 5*r - 1. What is the remainder when b is divided by f(6)?
1
Suppose 10*z = 2*p + 5*z - 204, -10 = 5*z. Let s = 5 - 15. Calculate the remainder when p is divided by (6 - 185/s) + (-2)/(-4).
22
Let r = 429 - 279. Calculate the remainder when r is divided by 20.
10
Let m = -2 + 14. Let s = -22 + 38. Suppose -62 + s = -2*w. What is the remainder when w is divided by m?
11
Let p(b) = b**3 - 3*b**2 + 8. Suppose 0 = 2*q + 11 - 51. What is the remainder when p(6) is divided by q?
16
Let i = 2 + 51. Let q(f) = -2*f**3 - f**2 + 2*f + 6. Calculate the remainder when i is divided by q(-2).
11
Let y be (2/(-2))/((-3)/15). Suppose 5*g + y*q - 185 = 0, -3*g - 3*q - q + 111 = 0. Calculate the remainder when g is divided by 20.
17
Suppose 6*o - 5*o = -334. Let y = -204 - o. Suppose 4*f = -f + y. What is the remainder when 49 is divided by f?
23
Let h(i) = 3*i + 15. Let s(g) = 2*g. Let k be s(-2). Let y = k + 18. What is the remainder when h(8) is divided by y?
11
Let t = 42 + -39. Suppose -9*v + t*v = -618. What is the remainder when v is divided by 21?
19
Let i = 7 + -36. Let a = i - 1. What is the remainder when 772/60 - 4/a is divided by 7?
6
Let p(z) = 4*z**3 + 2*z**2 - z. Suppose 81*o + 3*k + 366 = 86*o, 206 = 3*o + 5*k. What is the remainder when o is divided by p(2)?
34
Suppose -4*t + 121 = -5*s, -s + 2 - 103 = -4*t. Calculate the remainder when 61 is divided by t.
13
Let h(c) = 2*c**2 + 14*c + 2. Let y = 21 - 14. What is the remainder when y is divided by h(-7)?
1
Let n(k) = -5*k**3 + k**2 - k - 1. Let r be n(-1). Suppose 65 = 3*l - 2*d + 2, 2*d = -r. Calculate the remainder when l is divided by 10.
9
Suppose 110 = 4*z + 22. Calculate the remainder when 84 is divided by z.
18
Let g = 474 - 426. Calculate the remainder when 77 is divided by g.
29
Let p = 80 - 57. Calculate the remainder when 27 is divided by (-1 - p)/(17/((-136)/16)).
3
Suppose -4*w - 81 = -45. What is the remainder when 118 is divided by (-354)/w - (-4)/6?
38
Let n be (-84 - -4) + -3 + 1. Suppose -4*t - 83 = t - 3*z, -81 = 5*t - z. Let k = t - n. Calculate the remainder when k is divided by 23.
20
Suppose 14 = 5*k - u, 2*k + k - 18 = 3*u. Suppose 0 = -0*c + 5*c + 15, 2*c - 20 = -k*p. Calculate the remainder when 50 is divided by p.
11
Let d = -1752 - -1779. What is the remainder when 942 is divided by d?
24
Suppose -3*x + 4*k + 814 = 0, -1085 = -4*x - 0*k + 5*k. What is the remainder when x is divided by 16?
14
Let p(n) = 1498*n - 15. Calculate the remainder when p(1) is divided by 55.
53
Suppose 4*j - 20 = 0, -4*o - 5*j + 10 = -3*j. Let l(c) = c**2 + 14. What is the remainder when 47 is divided by l(o)?
5
Let z = -57 + 82. Let r = 41 - z. Calculate the remainder when 47 is divided by r.
15
Let z = 2 + 11. Let b be 2/6*120/(-8). Calculate